ainder when 179 is divided by y(-7)?
10
Suppose 0 = -5*i + 19 + 1. Let z(h) be the first derivative of h**3/3 + 2*h**2 - 5*h + 1. Calculate the remainder when z(i) is divided by 14.
13
Let s(h) = -2*h**3 - 4*h**2 - 2*h + 1. Let f(y) = -y - 6. Let d be f(-4). What is the remainder when 9 is divided by s(d)?
4
Calculate the remainder when (-2020)/(-35) - 4/(-14) - 3 is divided by 22.
11
Let i = -12 + 26. Calculate the remainder when 26 is divided by i.
12
Let l(a) = a**3 - 3*a**2 + a + 1. Let b be l(4). Suppose -2*i + 5 = 21. Let s = i + b. What is the remainder when 24 is divided by s?
11
Let r = 54 - 45. Let l be (-3)/(-2) + (-1)/(-2). Suppose p = l*a - a + 2, 2*a = 3*p - r. What is the remainder when p is divided by 2?
1
Suppose i - 30 = 8. Let d(k) be the third derivative of k**6/10 + k**5/60 + k**4/24 - k**3/6 + k**2. What is the remainder when i is divided by d(1)?
12
Suppose 0 = a - x - 48, -2 = 3*x + 1. Calculate the remainder when a is divided by (-2)/(-8) + (-63)/(-4).
15
Let q = -10 + 17. Calculate the remainder when 25 is divided by q.
4
Suppose 5*m + y = -y - 20, 0 = 2*m + 2*y + 14. Suppose 1 - 3 = -k. What is the remainder when 2 is divided by k*(-1)/(1*m)?
0
Suppose -w + 80 = 4*v, 22 = 2*v - 3*w - w. Suppose p - 29 = 44. What is the remainder when p is divided by v?
16
Let o be ((-2)/3)/((-1)/(-9)). Let v = o - -7. Calculate the remainder when 68 is divided by (1/(-4))/(v/(-92)).
22
Suppose p - 26 = 5. Suppose -p = -4*u + 21. Calculate the remainder when 25 is divided by u.
12
Let w(z) = 3*z - 10. What is the remainder when 183 is divided by w(11)?
22
Let s = 1 + 3. Suppose s*d = 8*d. Suppose 3*p + d*p = 36. Calculate the remainder when p is divided by 7.
5
What is the remainder when (3/(-6))/((-4)/(-8))*-1 is divided by 1?
0
Suppose 0*p - 3*p = -141. Calculate the remainder when p is divided by ((-24)/10)/(1/(-5)).
11
Let b(v) = -3*v + 3. Let u(i) = -3*i + 2. Let a(x) = -3*b(x) + 4*u(x). What is the remainder when 23 is divided by a(-3)?
7
Let i be (3 + 3)*3/2. Let a be (-4)/(-3) - (-6)/i. Suppose 3*g - 44 = -a*q - g, 2*q - 36 = -2*g. Calculate the remainder when 40 is divided by q.
12
Suppose 27 = -0*h + h. Calculate the remainder when h is divided by 14.
13
Let w(v) = 6*v**2 + 54*v + 22. Suppose -133 = -5*m + 17. Suppose -5*s + m = -10. Calculate the remainder when w(-9) is divided by s.
6
Let i(v) be the third derivative of -v**6/120 + v**5/12 - v**4/6 + v**3 + v**2. What is the remainder when 23 is divided by i(4)?
5
Suppose 4*y = 8, 5*b - 28 = -6*y + 2*y. Suppose t - 51 = b*t. Let q = -2 - t. What is the remainder when 29 is divided by q?
14
Suppose -11*r + 9*r = -36. What is the remainder when 51 is divided by r?
15
Suppose 3*w - 18 - 1 = -2*i, -w + 28 = 5*i. Calculate the remainder when 4/(-8)*(0 + -38) is divided by i.
4
Let d = 6 - 2. Let h(a) = 39*a + 3. Let v be h(1). Suppose -u = 6*u - v. Calculate the remainder when u is divided by d.
2
Let h = 11 - 3. Let b(c) = c**2 - 7*c - 5. Let o(m) = 4*m - 6. What is the remainder when o(4) is divided by b(h)?
1
Let i(o) = o + 1. Let z be i(7). Suppose -56 = 2*u - z. Let s = u + 39. Calculate the remainder when 28 is divided by s.
13
Suppose 19*b - 705 = -230. Calculate the remainder when 48 is divided by b.
23
Let p be (4/(-6))/((-6)/117). Suppose -4 = -2*f + 2*b, -2*f - b - 8 = -6*f. Suppose n + p = f*n. Calculate the remainder when n is divided by 7.
6
Suppose 2*w + w - 81 = 0. Calculate the remainder when w is divided by 15.
12
Let i(k) be the third derivative of 11*k**6/40 + k**3/6 + k**2. What is the remainder when i(1) is divided by 12?
10
Let w = -6 + 6. What is the remainder when 4/(w/1 + 1) is divided by 2?
0
Suppose -q + 4*a = -25 + 2, -1 = -3*q - 5*a. What is the remainder when 13 is divided by q?
6
Let f = 7 + 10. Calculate the remainder when 45 is divided by f.
11
Let o = 25 + -22. Calculate the remainder when ((-8)/(-6))/(2/6) is divided by o.
1
Let l be 0/(3*(-1)/(-3)). Suppose d + 2*y - 31 = l, -2*y - 9 = -5*y. What is the remainder when d is divided by 63/5 - 2/(-5)?
12
Let c(u) = -11*u**3 - u - 1. Let n(w) = -w**3 + 9*w**2 - 7*w - 2. Let x be ((-3)/(-2))/(6/32). Calculate the remainder when c(-1) is divided by n(x).
5
Suppose 36*m - 31*m - 120 = 0. What is the remainder when 71 is divided by m?
23
Suppose -3*v + 17 = -4*n, v + n + 1 = -n. Calculate the remainder when v is divided by (-1)/(-1 + 2) - -4.
0
Let v(y) = 6*y. Let f = 19 + 0. Calculate the remainder when v(6) is divided by f.
17
Calculate the remainder when -3*(3 - 4) + 3 is divided by 3.
0
Let q = 48 - 37. What is the remainder when q is divided by 8?
3
Let h(v) be the second derivative of v**5/20 + 5*v**4/12 - v**3/3 - 3*v**2 + 6*v. Calculate the remainder when 13 is divided by h(-5).
1
Suppose -4*v + v + 27 = -2*z, -5 = -5*v. Let q = 37 - z. Calculate the remainder when q is divided by 13.
10
Let i be -15*1 + 1 + -2. Let x be (1 + i)*4/(-10). What is the remainder when 31 is divided by -16*(2 - 15/x)?
7
Let p be (1 + (0 - 1))/3. Suppose -s + 2*s + 2*h = 19, p = 5*s + 5*h - 115. Calculate the remainder when s is divided by 14.
13
Let j be -23 - ((-1)/(-1) - -1). Let n = -53 + 121. Let c = n + j. What is the remainder when c is divided by 15?
13
Let c(t) = -2*t + t - 8 + 0*t. Let q be c(-9). What is the remainder when 23 is divided by q/(-2 - 27/(-13))?
10
Let o = -48 + 57. What is the remainder when 62 is divided by o?
8
Suppose 3*y + y - 80 = 0. Calculate the remainder when 735/y + (-1)/(-4) is divided by 19.
18
Suppose -5*h + 3*u = 9 + 47, h + 16 = 3*u. What is the remainder when 70 is divided by (0 - -25) + 10/h?
22
Let w = 20 - 16. Suppose -4*a - 5*l + 48 - 15 = 0, w*a = 4*l - 12. Calculate the remainder when 5 is divided by a.
1
Let d(v) = 6 + 0*v - 5 + 4 - v. Let t be d(5). Suppose t = -2*o + 1 + 1. What is the remainder when o is divided by 1?
0
Suppose 4*x - 112 = 2*x. What is the remainder when 3/(3/x) - 2 is divided by 28?
26
Let u be 4/(-12)*(-1 + -2). Let g(s) = -s + 11. What is the remainder when (-2)/(-1 - u) - -8 is divided by g(6)?
4
Suppose 46*b - 250 = 41*b. Let w = 7 + 1. Suppose -5*q - 12 = -w*q, 0 = 3*h + 3*q - 63. What is the remainder when b is divided by h?
16
Let i = 38 + -27. Calculate the remainder when 40 is divided by i.
7
Let b = -11 - -7. What is the remainder when b/(-16) - 165/(-12) is divided by 5?
4
Let i(a) = 8*a**2 + 3*a - 2. Let v be (-8)/(-12) - (-73)/3. Suppose -d = 4*d - v. What is the remainder when i(1) is divided by d?
4
Suppose -5*i = 2*c - 3*i + 6, c = i + 7. What is the remainder when 25 is divided by c?
1
Let o be 47/7 - 28/(-98). Suppose 2*h - 23 = o. What is the remainder when 57 is divided by h?
12
Suppose 0 = l + 2*l - 3*k - 42, l = -5*k + 44. Suppose -4*z + l = -21. What is the remainder when 18 is divided by z?
8
Let s(a) = -21*a + 11. What is the remainder when s(-3) is divided by 11?
8
Suppose -7*v + 126 = -231. Calculate the remainder when v is divided by 18.
15
Let u = 55 - 48. Calculate the remainder when u is divided by 4.
3
Suppose 90 = 5*r - 0*k + 5*k, 3*r - k - 66 = 0. Calculate the remainder when 61 is divided by r.
19
Suppose 4*u = -5*o - 26, -o + 4*u + 8 + 6 = 0. Let c = o + 4. Calculate the remainder when c is divided by 2.
0
Let o(p) = 2*p**2 - 6*p + 6. Suppose -4*k = 5*g + 7 + 22, 0 = 3*g + 2*k + 19. Let z = 13 + g. Calculate the remainder when o(z) is divided by 5.
4
Suppose 3*r + 7 - 1 = 0. Suppose -82 + 22 = -2*m. Calculate the remainder when m is divided by 1/r*-22 - 0.
8
Let b(j) = -3*j + 4. Let u(f) = -5*f + 7. Let v(i) = 9*b(i) - 4*u(i). Suppose -3*q = 3*q + 36. Calculate the remainder when v(q) is divided by 13.
11
Let l = 17 - 8. Suppose l + 1 = i. What is the remainder when i is divided by 3?
1
Suppose -2*m + 38 = -2*n, 0 = -2*m - 2*n + 7*n + 38. What is the remainder when 74 is divided by m?
17
Let w(v) = -v**2 + 16*v - 2. Let m be w(15). Suppose -7*y + 2*y - 5*j = -45, 3*j - m = -2*y. Calculate the remainder when 53 is divided by y.
11
Let a = -10 + 16. Suppose 0 = 2*b - a. Suppose -3*m - 9 = 2*t - 7*t, t + 2*m - 7 = 0. What is the remainder when b is divided by t?
0
Let j(a) = 9*a**3 + a + 1. Let h be j(2). Suppose 3*z = -9, -2*g + 0*z - 5*z = -h. What is the remainder when g is divided by 24?
21
Let q = -9 + 17